439588.
4
Calculate the highest common factor of 2448 and 466160.
16
Calculate the greatest common factor of 6120631 and 22.
11
Calculate the highest common divisor of 55080 and 105829335.
6885
What is the greatest common factor of 9122024 and 152?
8
What is the highest common divisor of 427051 and 16288?
509
What is the highest common factor of 96 and 30019116?
12
What is the highest common factor of 2565 and 19090845?
45
What is the greatest common divisor of 477 and 624033?
9
Calculate the greatest common factor of 378412 and 68.
4
Calculate the greatest common factor of 1107 and 246451.
41
What is the highest common factor of 91790 and 12236155?
685
What is the greatest common divisor of 123279119 and 313?
313
What is the greatest common factor of 889907505 and 10?
5
What is the highest common divisor of 17372 and 169334?
86
What is the highest common divisor of 85473497 and 3634?
1817
What is the highest common factor of 62980641 and 27?
9
Calculate the highest common factor of 71848 and 80528.
56
What is the highest common factor of 12388 and 139156?
76
What is the greatest common divisor of 2216825 and 1045?
95
What is the greatest common factor of 1028 and 447037622?
514
What is the highest common divisor of 2329523 and 70?
7
What is the highest common divisor of 2804451 and 273?
39
What is the highest common factor of 266655 and 510?
15
Calculate the highest common factor of 300 and 27221300.
100
What is the highest common factor of 6762812 and 84?
28
What is the highest common divisor of 6346 and 238355?
19
What is the greatest common factor of 85 and 37004665?
85
Calculate the greatest common divisor of 5330 and 2193620.
130
What is the greatest common factor of 5525901108 and 441?
441
What is the highest common factor of 745 and 30213773?
149
Calculate the greatest common factor of 362064 and 348.
12
What is the highest common divisor of 1335709 and 172?
43
What is the greatest common factor of 7476 and 9336?
12
What is the highest common divisor of 13049426 and 8?
2
What is the greatest common divisor of 142393428 and 3876?
204
Calculate the greatest common divisor of 6021 and 148365.
27
Calculate the greatest common factor of 171 and 35016297.
57
Calculate the highest common factor of 1394 and 33646978.
1394
What is the highest common divisor of 56665167 and 7707?
1101
What is the highest common factor of 132646539 and 9755?
1951
Calculate the greatest common factor of 64 and 118284352.
64
Calculate the highest common divisor of 2244380 and 427780.
5860
What is the highest common factor of 5777169 and 2985?
597
What is the highest common factor of 1861687 and 221?
17
Calculate the highest common factor of 204 and 131183067.
51
What is the greatest common divisor of 15822 and 10224528?
1758
What is the highest common factor of 1439592 and 15078?
42
What is the highest common divisor of 31395412 and 6224?
1556
What is the highest common factor of 116325 and 10960?
5
Calculate the highest common factor of 1032 and 7652968.
344
What is the highest common divisor of 112 and 10025820?
28
What is the greatest common divisor of 227 and 747962503?
227
What is the highest common divisor of 394120 and 8920?
40
What is the greatest common factor of 19437 and 183777?
33
Calculate the greatest common factor of 703 and 2668303.
19
Calculate the greatest common divisor of 17225 and 462436.
13
Calculate the greatest common factor of 15160 and 1880.
40
Calculate the highest common factor of 176204 and 68524477.
6293
What is the highest common factor of 5658 and 311588889?
2829
Calculate the greatest common divisor of 195 and 31482750.
195
What is the greatest common factor of 535 and 182738880?
535
What is the greatest common factor of 117 and 51473162?
13
What is the highest common factor of 1830019 and 3737?
101
Calculate the highest common divisor of 7012837 and 169.
13
What is the greatest common divisor of 29093 and 354687?
619
Calculate the highest common divisor of 3724580 and 460.
20
Calculate the highest common factor of 300635016 and 1136.
568
Calculate the highest common factor of 1047020 and 113360.
260
What is the greatest common factor of 379806811 and 149?
149
What is the highest common divisor of 14 and 4434311?
7
Calculate the highest common divisor of 92283 and 139479.
57
What is the greatest common divisor of 1447096 and 322?
14
Calculate the greatest common divisor of 160 and 3954704.
16
What is the highest common divisor of 51699 and 20957?
19
Calculate the highest common divisor of 22118617 and 92.
23
What is the highest common divisor of 358032 and 96?
48
Calculate the highest common divisor of 3008424290 and 1244.
622
What is the highest common factor of 736 and 13174368?
32
What is the highest common factor of 11616 and 62142432?
1056
What is the highest common factor of 13530 and 19271640?
1230
What is the highest common divisor of 52763152 and 2204?
76
Calculate the greatest common factor of 3252736 and 108001.
6353
Calculate the highest common divisor of 53694 and 757054.
314
Calculate the highest common divisor of 171288 and 844362.
1098
Calculate the highest common factor of 11439 and 284868.
369
Calculate the greatest common factor of 136361840 and 160.
80
Calculate the greatest common factor of 1560600 and 56475.
225
What is the highest common divisor of 28548080 and 132?
44
What is the greatest common divisor of 16114 and 3977856?
2302
What is the greatest common factor of 722738 and 1375963?
493
Calculate the highest common factor of 46003248 and 6.
6
Calculate the highest common divisor of 1510 and 506008248.
302
What is the greatest common divisor of 915183 and 5307?
183
Calculate the greatest common divisor of 7 and 254022797.
7
What is the greatest common divisor of 13876828 and 14518?
238
What is the greatest common divisor of 3818508 and 60?
12
Calculate the highest common factor of 779058 and 1946.
14
What is the greatest common factor of 728 and 23498020?
364
What is the highest common divisor of 50218 and 808763?
211
What is the greatest common divisor of 471908 and 12?
4
What is the greatest common factor of 29662220 and 6650?
70
Calculate the greatest common divisor of 8856 and 27808488.
216
Calculate the greatest common factor of 52822 and 111420806.
4802
What is the greatest common factor of 142409036 and 539?
77
What is the highest common factor of 32278638 and 86?
86
What is the greatest common divisor of 1638993801 and 1143?
381
What is the greatest common divisor of 639768 and 4389228?
5244
What is the greatest common divisor of 10880884 and 3332?
476
Calculate the highest common factor of 24014972 and 101.
101
Calculate the greatest common divisor of 7025 and 647705.
1405
Calculate the greatest common factor of 95899062 and 42.
42
What is the highest common factor of 17170104 and 63?
21
What is the highest common factor of 3353 and 186767369?
479
Calculate the highest common factor of 6116349 and 237.
3
What is the greatest common factor of 2447391 and 1067354?
2351
Calculate the highest common divisor of 11407149 and 11362.
299
Calculate the greatest common factor of 6058 and 2579310.
466
Calculate the greatest common divisor of 3384 and 105656.
376
What is the greatest common divisor of 101 and 6716399?
101
Calculate the greatest common divisor of 6834 and 37214547.
3417
What is the greatest common divisor of 9858 and 8502?
6
Calculate the highest common factor of 6341 and 744881.
373
Calculate the highest common divisor of 38955 and 578420535.
5565
Calculate the highest common divisor of 2172 and 44324004.
2172
What is the greatest common divisor of 5485222 and 492728?
7246
Calculate the highest common divisor of 286226 and 958.
2
What is the greatest common factor of 10 and 19125390?
10
What is the greatest common divisor of 241605 and 4732?
91
What is the greatest common divisor of 2448 and 1282289328?
2448
What is the highest common factor of 562991 and 6414551?
4433
What is the greatest common factor of 4423833 and 63?
9
Calculate the greatest common factor of 13 and 16721471.
13
What is the highest common factor of 6380800 and 1175?
25
Calculate the highest common divisor of 201756 and 192.
12
Calculate the highest common divisor of 330 and 4154964.
66
Calculate the greatest common d